y + 3056. Suppose 0 = -p + 3, -14*x + 9*x = -3*p - y. What are the prime factors of x?
2, 5
Suppose 122*u = 150229 + 477827. List the prime factors of u.
2, 3, 11, 13
Let c = -2255 + 1563. Let h = c + 1464. Suppose -5*f - 194 = 3*k - 1476, 3*f - h = k. List the prime factors of f.
257
Let o = 39 - -21. Let q be (o - 8) + (-3)/2*2. Let w = 87 - q. What are the prime factors of w?
2, 19
Let r(f) = -29*f - 46. Let n be r(-7). Suppose g = m + 699, 2251 - n = 3*g - 4*m. What are the prime factors of g?
2, 3, 13
Suppose 3 = 3*x, -3*m - 4*x + 26 = -5*x. Suppose -m*d + 2976 = -1632. List the prime factors of d.
2
Let b(z) = -27*z - 198*z - 17 - 317*z. List the prime factors of b(-1).
3, 5, 7
Let p be 21/9 - 2 - (-4060)/(-12). Let g = p - -656. Let m = g + -160. List the prime factors of m.
2, 79
Let q be 42/5 + -3 - (-6)/(-15). Suppose -1614 + 334 = -q*y. List the prime factors of y.
2
Suppose 0*w = 3*g + 3*w - 24, -2*w = -8. Suppose -576 = 2*p - 4*p + 5*o, 0 = 2*o - g. What are the prime factors of p?
293
Suppose -5*s - 23 = -3*n, 17 = -3*s - 2*s - 3*n. Let z be 56*2 + s/16*0. Let d = z + 108. What are the prime factors of d?
2, 5, 11
Let i(m) = m**3 + 13*m**2 + 5. Let u be i(-13). List the prime factors of 48/(-120) + 1427/u.
3, 5, 19
Let n = 13366 + -13127. List the prime factors of n.
239
Let q = -488 - -493. Let h(d) = 2*d**3 - d**2 + 20*d - 11. List the prime factors of h(q).
2, 157
Let y(k) be the first derivative of -k**2/2 + 28*k + 59. What are the prime factors of y(11)?
17
Let d(i) = i**2 - 5*i + 15. Suppose 0 = -11*u - 14 - 96. List the prime factors of d(u).
3, 5, 11
Let z(m) = m**3 + 5*m**2 + 6*m + 10. Let c be z(-4). Suppose 0 = 3*i - 4*w + 3*w + 1058, i + 346 = c*w. Let y = -180 - i. What are the prime factors of y?
2, 3, 29
Let k(p) = -19*p - 2. Let i be k(-12). Let g = i - 166. What are the prime factors of g?
2, 3, 5
Suppose -60*v + 8294 + 28705 = -197961. List the prime factors of v.
2, 11, 89
What are the prime factors of 264885/(-75)*(3 + -8)?
17659
Suppose -51*y = -49*y - 5298. Suppose -51*a + 819 + y = 0. List the prime factors of a.
2, 17
Let u = -68 - -73. Let w(o) = -o. Let p(q) = -147*q - 4. Let r(t) = u*w(t) + p(t). What are the prime factors of r(-1)?
2, 37
Let i = 208 + -86. Suppose -f - i = -451. List the prime factors of f.
7, 47
Let k be -15 + 11 - (-43 + -1). Suppose -k*w + 207 = -39*w. List the prime factors of w*(3 + (-8)/3).
3, 23
Suppose -15*k = -10*k - 6440. Suppose -8*d + 4*z + k = -5*d, -4 = -2*z. Let b = d + -261. List the prime factors of b.
3, 19
Let r(b) = b**3 + 21*b**2 - 26*b - 13. Let m be r(-17). Suppose -5*u + m = -5*t - 0*t, -3*t = -2*u + 949. Let q = -213 - t. List the prime factors of q.
2, 3, 17
Let w be 4/(16/20) + -874. Let p = 1438 + w. List the prime factors of p.
569
Let h(d) = -11*d + 11. Let i be h(-8). List the prime factors of i/33 + 118*2.
239
Let o be -85 + ((-4)/1)/(-4). Let r = o + 64. List the prime factors of -8*(r/(-32) + 3)*-2.
2, 29
Suppose 6*k = 8*k - 3*q + 39, -5*q = 4*k + 111. Let p = k + 52. List the prime factors of p.
2, 7
Suppose 80 = -2*g - 102. Let s = 275 + g. What are the prime factors of s?
2, 23
Suppose 8*p = 6*p + 2. Let b be (4 + -1 + 4)*p. Suppose b*s - 22 - 111 = 0. What are the prime factors of s?
19
Let n = 754 - -5764. List the prime factors of n.
2, 3259
Let r = -3630 + 3817. List the prime factors of r.
11, 17
Suppose 2*w = -2*a + 303 + 615, -1 = -a. Suppose -5*g = -w - 537. What are the prime factors of g?
199
Suppose -2*b = -d - 4520, 4*b + 8*d - 5*d - 9020 = 0. What are the prime factors of b?
2, 1129
Let z(v) = 38*v**2 + 6*v + 6. Let i be z(-1). Let k = i - -7. Suppose 3*u - 5*u - 5*w + 86 = 0, u + 3*w = k. What are the prime factors of u?
3, 11
Let t(p) = -877*p - 6325. What are the prime factors of t(-21)?
2, 3023
Suppose -5*s + 126 = 1. Suppose 21*q - 940 = s*q. List the prime factors of (-170)/(-102) + q/(-3).
2, 5
Suppose -3*x = -15, 0 = o + 16*x - 21*x. List the prime factors of (155/o + -9)/((-1)/265).
2, 7, 53
Suppose 3*m = -2*m - 3*a + 20, 8 = 2*m + 6*a. Let b(u) = u + 1. Let w(t) = 18*t - 5. Let q(x) = -4*b(x) + w(x). List the prime factors of q(m).
47
Suppose -4 = c - 8. Suppose -30 = f + c*f. What are the prime factors of 2 - 454/f - (-12)/36?
2, 3, 13
Let m(z) = 8*z**2 + 13*z + 6. Let b = 111 - 119. List the prime factors of m(b).
2, 3, 23
Let o be ((-20)/2)/((-1320)/(-164) - 8). Let j = o + 137. Let z = j + 77. What are the prime factors of z?
3
Suppose -q - 5 = -2*m, 5*m - 13 = 3*q + m. Let b be (9/2)/(q + (-254)/(-84)). Suppose 4*s + 5*s = b. List the prime factors of s.
3, 7
Let g be (-5)/30*2*-19*3. Let f(k) = g*k + 1 + 16 + 22. List the prime factors of f(5).
2, 67
Suppose 0 = 5*h - 4*l - 90395 + 16486, 29562 = 2*h - 2*l. List the prime factors of h.
5, 2957
Suppose -48 = -5*a - 3*u, 3*u - u + 68 = 5*a. Let f be ((-8)/a*3)/((-6)/303). Suppose 8*d + f = 9*d. List the prime factors of d.
101
Let r = -15008 + 100300. List the prime factors of r.
2, 21323
Suppose 0 = o - 4, 0 = 4*j - 4*o - 23756 + 2268. List the prime factors of j.
2, 3, 7
Let w be (-26)/(-39)*(74/(-4) - 1). Let z(u) = -69*u - 20. List the prime factors of z(w).
877
Let d(j) = -8482*j - 1995. What are the prime factors of d(-4)?
11, 2903
Let t(c) = -234*c - 309. List the prime factors of t(-32).
3, 2393
Let x(v) = -18*v + 15 + 44 + v**2 + 95. List the prime factors of x(-22).
2, 11, 47
Let d(m) = -m**2 + 11*m + 173. Let r be d(17). Let p = 312 + r. List the prime factors of p.
383
Let t = 35423 - 15181. What are the prime factors of t?
2, 29, 349
Let p = 11248 - 6677. List the prime factors of p.
7, 653
Let s(k) = 35*k + 356. List the prime factors of s(34).
2, 773
Let b = 14 - 7. Let d(a) = -7*a**2 - 8*a + 4 - a**3 + 2*a**3 + 9 + 3*a**2. List the prime factors of d(b).
2, 13
Suppose -x + 30 = -2*x. Let u be 15/x + ((-37)/2)/(-1). List the prime factors of (34/(-6) + -2)/((-2)/u).
3, 23
Let n = -7074 - -9987. What are the prime factors of n?
3, 971
Let z(d) = 2*d**2 - 12*d + 12. Let w be z(5). Suppose w*u - o - 4 = -u, 5*u + 3*o = 16. What are the prime factors of u?
2
Suppose 442*g - 1393722 = 343*g. List the prime factors of g.
2, 7039
Let f = 33 - 31. Suppose -987 = -3*g + u, 4*g = f*u + 842 + 472. What are the prime factors of g?
2, 3, 5, 11
Let s = 69 + -65. Suppose o = -3*b + 9, -4*b = -o - s*o + 121. Let v = 79 - o. List the prime factors of v.
2, 29
Suppose 4*w = 20*w + 48. List the prime factors of 1/w*(-1456 + 10).
2, 241
Let v(a) = -a**2 - 40*a - 26. Let d be ((-120)/(4 - -2))/2. What are the prime factors of v(d)?
2, 137
Suppose -507*j + 495*j + 46368 = 0. What are the prime factors of j?
2, 3, 7, 23
Let m(h) = 1917*h**2 - 45*h - 14. What are the prime factors of m(2)?
2, 31, 61
Let c = 224 + 74. Suppose c = 2*t - 1140. List the prime factors of t.
719
Let x be (10 + -12)*-1*(-2)/(-2). Suppose 0 = -54*s + 50*s + 8. Suppose -3*o = -o + 5*w - 126, x*w = -s*o + 114. What are the prime factors of o?
53
Let m be -9 + 137 - (0 - -2 - -1). Suppose 0 = 4*v + o - 91, -6*v + o = -v - m. Suppose -c + v = -81. What are the prime factors of c?
3, 5, 7
Let s = 64492 - 30279. What are the prime factors of s?
34213
Let t = 870 + -594. What are the prime factors of t?
2, 3, 23
Let i = -1084 + 9079. List the prime factors of i.
3, 5, 13, 41
What are the prime factors of 5/(3 - 2)*190602/90?
10589
Let m be 32/(-24)*(-1809)/(-6). Let y = -245 - m. What are the prime factors of y?
157
Let z be (14/(-7) - -1)*-2*1. What are the prime factors of (z + 0 + -9)*(-76)/2?
2, 7, 19
Let i be 23709/(-6)*(48/28)/1. Let j be (-22)/(-77) - (-2)/(-14)*i. Suppose -a = -l + a + 227, 0 = -4*l - 4*a + j. What are the prime factors of l?
3, 79
List the prime factors of (100260/90)/(4/162).
3, 557
What are the prime factors of 5*88196/200 + 1/10?
3, 5, 7
Let f(q) = -q**2 + 3*q + 74. Let p be f(10). Suppose 535 = p*i + 63. List the prime factors of i.
2, 59
Let b = 22040 + -7303. What are the prime factors of b?
14737
List the prime factors of 16 - (-4974)/(-18)*-177.
3, 47, 347
Suppose -2 = -7*h + 12. Suppose -h*o + 189 = -469. List the prime factors of o.
7, 47
Let s = -33911 + 87875. List the prime factors of s.
2, 3, 1499
What are the prime factors of (6 + 4462 - -16) + 12?
2, 281
List the pri